he remainder when 41211 is divided by 257?
91
What is the remainder when 1464 is divided by 697?
70
What is the remainder when 7668 is divided by 426?
0
Calculate the remainder when 125049 is divided by 34.
31
Calculate the remainder when 49781 is divided by 711.
11
What is the remainder when 37557 is divided by 367?
123
What is the remainder when 5650 is divided by 574?
484
Calculate the remainder when 1671 is divided by 614.
443
What is the remainder when 23547 is divided by 256?
251
Calculate the remainder when 117471 is divided by 185.
181
What is the remainder when 6244 is divided by 2243?
1758
Calculate the remainder when 15979 is divided by 239.
205
What is the remainder when 2320015 is divided by 21?
19
Calculate the remainder when 57368 is divided by 557.
554
What is the remainder when 6901 is divided by 11?
4
What is the remainder when 45941 is divided by 93?
92
Calculate the remainder when 41919 is divided by 124.
7
What is the remainder when 17240 is divided by 7?
6
What is the remainder when 1793 is divided by 81?
11
Calculate the remainder when 21217 is divided by 18.
13
Calculate the remainder when 19254 is divided by 86.
76
What is the remainder when 13981 is divided by 1966?
219
Calculate the remainder when 2361 is divided by 1144.
73
Calculate the remainder when 30679 is divided by 15316.
47
Calculate the remainder when 2065 is divided by 65.
50
Calculate the remainder when 466127 is divided by 3.
2
What is the remainder when 34091 is divided by 331?
329
What is the remainder when 1069 is divided by 150?
19
What is the remainder when 4668444 is divided by 155?
154
What is the remainder when 6766 is divided by 966?
4
What is the remainder when 87598 is divided by 592?
574
What is the remainder when 2846 is divided by 242?
184
What is the remainder when 10917 is divided by 86?
81
What is the remainder when 41726 is divided by 2196?
2
Calculate the remainder when 1744 is divided by 775.
194
Calculate the remainder when 14566 is divided by 394.
382
What is the remainder when 774557 is divided by 333?
332
What is the remainder when 77593 is divided by 25802?
187
Calculate the remainder when 115058 is divided by 572.
86
Calculate the remainder when 11251 is divided by 321.
16
What is the remainder when 3595 is divided by 1342?
911
Calculate the remainder when 537765 is divided by 59751.
6
Calculate the remainder when 2406 is divided by 765.
111
What is the remainder when 3877 is divided by 3875?
2
Calculate the remainder when 10651 is divided by 699.
166
What is the remainder when 101515 is divided by 193?
190
Calculate the remainder when 390347 is divided by 211.
208
Calculate the remainder when 10546264 is divided by 43.
41
What is the remainder when 2808501 is divided by 24?
21
Calculate the remainder when 42412 is divided by 44.
40
What is the remainder when 28207 is divided by 70?
67
Calculate the remainder when 30360 is divided by 3034.
20
Calculate the remainder when 103339 is divided by 9394.
5
What is the remainder when 84942 is divided by 515?
482
What is the remainder when 33357 is divided by 1283?
1282
What is the remainder when 3513 is divided by 679?
118
Calculate the remainder when 1051 is divided by 567.
484
Calculate the remainder when 12537 is divided by 136.
25
What is the remainder when 9512 is divided by 287?
41
What is the remainder when 292373 is divided by 146183?
7
Calculate the remainder when 16386 is divided by 1164.
90
What is the remainder when 48287 is divided by 16082?
41
Calculate the remainder when 20213 is divided by 5.
3
Calculate the remainder when 12521 is divided by 94.
19
Calculate the remainder when 3896549 is divided by 20.
9
What is the remainder when 3691034 is divided by 1564?
1558
Calculate the remainder when 651343 is divided by 37.
32
Calculate the remainder when 22951 is divided by 7644.
19
What is the remainder when 4407 is divided by 15?
12
What is the remainder when 1411180 is divided by 470391?
7
What is the remainder when 109862 is divided by 117?
116
What is the remainder when 1775 is divided by 507?
254
What is the remainder when 13232 is divided by 3141?
668
What is the remainder when 25578 is divided by 12761?
56
Calculate the remainder when 3612 is divided by 303.
279
Calculate the remainder when 38086 is divided by 36.
34
What is the remainder when 95725 is divided by 149?
67
What is the remainder when 2101418 is divided by 17?
14
Calculate the remainder when 4426641 is divided by 879.
876
What is the remainder when 16747 is divided by 5554?
85
What is the remainder when 740178 is divided by 140?
138
What is the remainder when 10181 is divided by 9?
2
What is the remainder when 11790 is divided by 1459?
118
Calculate the remainder when 42146 is divided by 4672.
98
What is the remainder when 580318 is divided by 602?
592
Calculate the remainder when 9167391 is divided by 208.
207
Calculate the remainder when 43192 is divided by 34.
12
What is the remainder when 288 is divided by 176?
112
Calculate the remainder when 32753 is divided by 184.
1
Calculate the remainder when 896 is divided by 494.
402
What is the remainder when 12360 is divided by 3036?
216
What is the remainder when 8474 is divided by 605?
4
Calculate the remainder when 33881 is divided by 51.
17
Calculate the remainder when 40841 is divided by 1631.
66
Calculate the remainder when 14807 is divided by 39.
26
Calculate the remainder when 4098 is divided by 153.
120
Calculate the remainder when 229214 is divided by 351.
11
What is the remainder when 33758 is divided by 33603?
155
What is the remainder when 58014 is divided by 2637?
0
Calculate the remainder when 62775 is divided by 31370.
35
What is the remainder when 1566 is divided by 1545?
21
What is the remainder when 9337 is divided by 2334?
1
What is the remainder when 1010252 is divided by 6?
2
Calculate the remainder when 11055 is divided by 1381.
7
What is the remainder when 337753 is divided by 19?
9
Calculate the remainder when 322399 is divided by 310.
309
Calculate the remainder when 48903 is divided by 253.
74
What is the remainder when 85966 is divided by 3737?
15
What is the remainder when 6301 is divided by 2090?
31
What is the remainder when 63263 is divided by 38?
31
Calculate the remainder when 33555 is divided by 14.
11
Calculate the remainder when 15330 is divided by 7663.
4
Calculate the remainder when 426911 is divided by 520.
511
Calculate the remainder when 5657 is divided by 78.
41
What is the remainder when 19944 is divided by 151?
12
What is the remainder when 1241 is divided by 195?
71
Calculate the remainder when 2410077 is divided by 433.
432
What is the remainder when 273998 is divided by 1000?
998
What is the remainder when 38905 is divided by 1852?
13
Calculate the remainder when 123357 is divided by 281.
279
Calculate the remainder when 7341095 is divided by 888.
887
What is the remainder when 2126 is divided by 765?
596
Calculate the remainder when 16807879 is divided by 553.
550
What is the remainder when 19530 is divided by 19519?
11
Calculate the remainder when 178520 is divided by 49.
13
Calculate the remainder when 58665 is divided by 772.
765
Calculate the remainder when 184453 is divided by 20.
13
What is the remainder when 159057 is divided by 39763?
5
What is the remainder when 52517 is divided by 209?
58
What is the remainder when 1935 is divided by 67?
59
Calculate the remainder when 780 is divided by 132.
120
Calculate the remainder when 51613 is divided by 4300.
13
Calculate the remainder when 99089 is divided by 135.
134
What is the remainder when 1350 is divided by 344?
318
What is the remainder when 21668 is divided by 12?
8
Calculate the remainder when 53783 is divided by 40.
23
What is the remainder when 829 is divided by 201?
25
What is the remainder when 2674 is divided by 336?
322
What is the remainder when 513 is divided by 68?
37
What is the remainder when 286781 is divided by 514?
483
Calculate the remainder when 41768 is divided by 13919.
11
Calculate the remainder when 9110 is divided by 240.
230
Calculate the remainder when 5860 is divided by 1.
0
Calculate the remainder when 39374 is divided by 55.
49
Calculate the remainder when 487677 is divided by 635.
632
What is the remainder when 1550 is 